{"id":40860,"date":"2025-06-07T11:59:48","date_gmt":"2025-06-07T11:59:48","guid":{"rendered":"https:\/\/www.qvantumevents.com\/?post_type=ajde_events&#038;p=40860"},"modified":"2025-06-16T23:55:49","modified_gmt":"2025-06-16T21:55:49","slug":"seom-live-in-concert","status":"publish","type":"ajde_events","link":"https:\/\/staging.bodymindandsoulmallorca.com\/en\/events\/seom-live-in-concert\/","title":{"rendered":"SEOM-Live-in-concert"},"content":{"rendered":"<p>\ud83c\udfb6 <strong  >SEOM live at Body Mind and Soul Mallorca 3<\/strong><br\/>\ud83d\udcc5 <em  >21. Oktober 2025<\/em><br\/>\ud83d\udd58 <em  >21:10 Uhr<\/em><br\/>\ud83d\udccd <em  >Sun Club Eldorado, Mallorca<\/em><\/p>\n<p>\u2728 <strong  >SEOM Music \u2013 Weil auch Du ein grandioses Leben verdient hast!<\/strong><\/p>\n<p>Bereite dich auf einen magischen Abend vor, der dein Herz ber\u00fchrt, deine Seele n\u00e4hrt und dich an das erinnert, was wirklich z\u00e4hlt: Verbindung, Heilung, Menschlichkeit.<\/p>\n<p><strong  >SEOM<\/strong>, Musiker, Poet und Vision\u00e4r, steht f\u00fcr Musik, die mehr ist als nur Klang \u2013 sie ist ein Raum. Ein Raum f\u00fcr Gef\u00fchle, f\u00fcr Erkenntnis, f\u00fcr Mut und f\u00fcr tiefe Menschlichkeit.<\/p>\n<p>In seinem exklusiven Live-Konzert auf der Body Mind and Soul Mallorca 3 nimmt er dich mit auf eine Reise durch Licht und Schatten, durch Tiefe und Leichtigkeit \u2013 getragen von kraftvollen Texten, heilenden Melodien und der Einladung, einfach du selbst zu sein.<\/p>\n<p>\ud83c\udf0c <strong  >Musik als Medizin. Worte als Weg. Pr\u00e4senz als Geschenk.<\/strong><\/p>\n<p>Seine Songs erz\u00e4hlen von Verbundenheit, vom \u00dcberwinden innerer Grenzen, vom Erinnern an unsere wahre Kraft \u2013 und sie \u00f6ffnen T\u00fcren zu einem Leben in Liebe, Bewusstsein und innerem Frieden.<\/p>\n<p>\ud83d\udcab <em  >\u201eIch glaube daran, dass genug f\u00fcr alle da ist \u2013 wenn wir unserem Herzen folgen.\u201c<\/em> \u2013 SEOM<\/p>\n<p>Komm vorbei, lass dich inspirieren und werde Teil eines Konzerts, das weit \u00fcber den Moment hinaus wirkt.<br\/><strong>Ein Erlebnis, das du nicht vergisst \u2013 versprochen.<\/strong>\n<\/p>\n\n\n\n<p><\/p>","protected":false},"author":1,"featured_media":0,"menu_order":0,"comment_status":"open","ping_status":"closed","template":"","meta":{"_acf_changed":false},"tags":[],"event_type":[174],"event_type_2":[],"class_list":["post-40860","ajde_events","type-ajde_events","status-publish","hentry","event_type-concert","description-off"],"acf":[],"_links":{"self":[{"href":"https:\/\/staging.bodymindandsoulmallorca.com\/en\/wp-json\/wp\/v2\/ajde_events\/40860","targetHints":{"allow":["GET"]}}],"collection":[{"href":"https:\/\/staging.bodymindandsoulmallorca.com\/en\/wp-json\/wp\/v2\/ajde_events"}],"about":[{"href":"https:\/\/staging.bodymindandsoulmallorca.com\/en\/wp-json\/wp\/v2\/types\/ajde_events"}],"author":[{"embeddable":true,"href":"https:\/\/staging.bodymindandsoulmallorca.com\/en\/wp-json\/wp\/v2\/users\/1"}],"replies":[{"embeddable":true,"href":"https:\/\/staging.bodymindandsoulmallorca.com\/en\/wp-json\/wp\/v2\/comments?post=40860"}],"version-history":[{"count":0,"href":"https:\/\/staging.bodymindandsoulmallorca.com\/en\/wp-json\/wp\/v2\/ajde_events\/40860\/revisions"}],"wp:attachment":[{"href":"https:\/\/staging.bodymindandsoulmallorca.com\/en\/wp-json\/wp\/v2\/media?parent=40860"}],"wp:term":[{"taxonomy":"post_tag","embeddable":true,"href":"https:\/\/staging.bodymindandsoulmallorca.com\/en\/wp-json\/wp\/v2\/tags?post=40860"},{"taxonomy":"event_type","embeddable":true,"href":"https:\/\/staging.bodymindandsoulmallorca.com\/en\/wp-json\/wp\/v2\/event_type?post=40860"},{"taxonomy":"event_type_2","embeddable":true,"href":"https:\/\/staging.bodymindandsoulmallorca.com\/en\/wp-json\/wp\/v2\/event_type_2?post=40860"}],"curies":[{"name":"wp","href":"https:\/\/api.w.org\/{rel}","templated":true}]}}

<p>🎶 <strong  >SEOM live at Body Mind and Soul Mallorca 3</strong><br/>📅 <em  >21. Oktober 2025</em><br/>🕘 <em  >21:10 Uhr</em><br/>📍 <em  >Sun Club Eldorado, Mallorca</em></p>
<p>✨ <strong  >SEOM Music – Weil auch Du ein grandioses Leben verdient hast!</strong></p>
<p>Bereite dich auf einen magischen Abend vor, der dein Herz berührt, deine Seele nährt und dich an das erinnert, was wirklich zählt: Verbindung, Heilung, Menschlichkeit.</p>
<p><strong  >SEOM</strong>, Musiker, Poet und Visionär, steht für Musik, die mehr ist als nur Klang – sie ist ein Raum. Ein Raum für Gefühle, für Erkenntnis, für Mut und für tiefe Menschlichkeit.</p>
<p>In seinem exklusiven Live-Konzert auf der Body Mind and Soul Mallorca 3 nimmt er dich mit auf eine Reise durch Licht und Schatten, durch Tiefe und Leichtigkeit – getragen von kraftvollen Texten, heilenden Melodien und der Einladung, einfach du selbst zu sein.</p>
<p>🌌 <strong  >Musik als Medizin. Worte als Weg. Präsenz als Geschenk.</strong></p>
<p>Seine Songs erzählen von Verbundenheit, vom Überwinden innerer Grenzen, vom Erinnern an unsere wahre Kraft – und sie öffnen Türen zu einem Leben in Liebe, Bewusstsein und innerem Frieden.</p>
<p>💫 <em  >„Ich glaube daran, dass genug für alle da ist – wenn wir unserem Herzen folgen.“</em> – SEOM</p>
<p>Komm vorbei, lass dich inspirieren und werde Teil eines Konzerts, das weit über den Moment hinaus wirkt.<br/><strong>Ein Erlebnis, das du nicht vergisst – versprochen.</strong>
</p>



<p></p>
